the remainder when 149848 is divided by 146567?
3281
Calculate the remainder when 5637709 is divided by 44.
33
Calculate the remainder when 95143 is divided by 46906.
1331
What is the remainder when 976641 is divided by 44387?
127
What is the remainder when 577733 is divided by 577707?
26
What is the remainder when 94413 is divided by 2413?
306
What is the remainder when 130151 is divided by 699?
137
Calculate the remainder when 24284 is divided by 4614.
1214
Calculate the remainder when 62606124 is divided by 3103.
3099
Calculate the remainder when 61855 is divided by 169.
1
What is the remainder when 1601885 is divided by 145622?
43
Calculate the remainder when 8628587 is divided by 132.
11
What is the remainder when 588030 is divided by 31?
22
What is the remainder when 2339470 is divided by 14265?
10
What is the remainder when 1102990 is divided by 52523?
7
Calculate the remainder when 2445772 is divided by 9405.
472
What is the remainder when 3985053 is divided by 199242?
213
Calculate the remainder when 31312525 is divided by 500.
25
Calculate the remainder when 78670 is divided by 194.
100
What is the remainder when 30496 is divided by 851?
711
Calculate the remainder when 185201 is divided by 17.
3
What is the remainder when 4767684 is divided by 3304?
12
Calculate the remainder when 4436543 is divided by 192893.
4
What is the remainder when 10334086 is divided by 181?
72
What is the remainder when 145312441 is divided by 145312435?
6
Calculate the remainder when 244347 is divided by 1866.
1767
Calculate the remainder when 674914 is divided by 94.
88
Calculate the remainder when 184888142 is divided by 56.
54
What is the remainder when 16609 is divided by 691?
25
Calculate the remainder when 56909 is divided by 1454.
203
Calculate the remainder when 95612 is divided by 23719.
736
What is the remainder when 41504 is divided by 13761?
221
Calculate the remainder when 586061 is divided by 11267.
177
Calculate the remainder when 191709 is divided by 14744.
37
Calculate the remainder when 792382812 is divided by 485.
482
Calculate the remainder when 269281 is divided by 2281.
123
Calculate the remainder when 603842 is divided by 43.
36
What is the remainder when 18894 is divided by 6175?
369
Calculate the remainder when 3638145 is divided by 712.
537
Calculate the remainder when 2441691 is divided by 21417.
153
Calculate the remainder when 35842 is divided by 7246.
6858
Calculate the remainder when 1288882 is divided by 352.
210
Calculate the remainder when 13073983 is divided by 44.
43
Calculate the remainder when 43314540 is divided by 364.
360
Calculate the remainder when 10159638 is divided by 1269950.
38
What is the remainder when 36812862 is divided by 7866?
7848
Calculate the remainder when 77107 is divided by 12822.
175
Calculate the remainder when 3839 is divided by 37.
28
What is the remainder when 28889485 is divided by 2321?
2319
Calculate the remainder when 46991369 is divided by 287.
285
What is the remainder when 244379 is divided by 3709?
3294
What is the remainder when 10600222 is divided by 988?
958
Calculate the remainder when 1580772 is divided by 395112.
324
What is the remainder when 88146 is divided by 1458?
666
Calculate the remainder when 11960 is divided by 3596.
1172
What is the remainder when 3434002 is divided by 2044?
82
Calculate the remainder when 10780307 is divided by 19.
11
What is the remainder when 16624079 is divided by 495?
494
What is the remainder when 212041820 is divided by 7676?
7672
Calculate the remainder when 1001023 is divided by 332704.
2911
What is the remainder when 346450 is divided by 789?
79
What is the remainder when 20362529 is divided by 6787506?
11
Calculate the remainder when 253776539 is divided by 430.
429
Calculate the remainder when 932824083 is divided by 6239.
6237
Calculate the remainder when 2915799 is divided by 1760.
1239
What is the remainder when 691153263 is divided by 1214?
1211
What is the remainder when 1480637 is divided by 894?
173
What is the remainder when 107705 is divided by 4679?
88
Calculate the remainder when 12364105 is divided by 711.
526
What is the remainder when 384522 is divided by 96101?
118
Calculate the remainder when 723375 is divided by 220.
15
What is the remainder when 75557090 is divided by 373?
345
Calculate the remainder when 67484367 is divided by 10.
7
Calculate the remainder when 29638 is divided by 6877.
2130
Calculate the remainder when 113075699 is divided by 370.
369
What is the remainder when 782201 is divided by 463?
194
Calculate the remainder when 1680367 is divided by 22.
7
What is the remainder when 3448927 is divided by 33813?
1
Calculate the remainder when 378417 is divided by 291.
117
Calculate the remainder when 123962 is divided by 1392.
74
Calculate the remainder when 173475 is divided by 5420.
35
Calculate the remainder when 23840049 is divided by 309609.
156
Calculate the remainder when 1044292 is divided by 364.
340
What is the remainder when 128030 is divided by 63983?
64
What is the remainder when 28644 is divided by 2395?
2299
What is the remainder when 84003867 is divided by 53?
33
Calculate the remainder when 1158078 is divided by 1768.
38
Calculate the remainder when 15304870 is divided by 1913108.
6
Calculate the remainder when 1572709 is divided by 262115.
19
Calculate the remainder when 112052 is divided by 22376.
172
Calculate the remainder when 103706374 is divided by 51853180.
14
Calculate the remainder when 1307760 is divided by 326921.
76
What is the remainder when 2415733 is divided by 8273?
17
Calculate the remainder when 4690784 is divided by 1193.
1101
Calculate the remainder when 2283375 is divided by 21.
3
Calculate the remainder when 8845 is divided by 424.
365
What is the remainder when 956707 is divided by 19519?
276
What is the remainder when 1620185 is divided by 3904?
25
What is the remainder when 1543243 is divided by 3189?
2956
Calculate the remainder when 15506562 is divided by 309.
15
What is the remainder when 873233 is divided by 203?
130
Calculate the remainder when 778753 is divided by 15260.
493
What is the remainder when 1550137 is divided by 3170?
7
Calculate the remainder when 234269 is divided by 58285.
1129
What is the remainder when 5545910 is divided by 1308?
1298
Calculate the remainder when 109406261 is divided by 222.
221
What is the remainder when 41080 is divided by 181?
174
Calculate the remainder when 341969 is divided by 11384.
449
What is the remainder when 3060626 is divided by 34389?
5
Calculate the remainder when 2542855 is divided by 5445.
40
Calculate the remainder when 292861 is divided by 322.
163
What is the remainder when 273360 is divided by 28855?
13665
What is the remainder when 6862105 is divided by 3652?
3649
Calculate the remainder when 7134810 is divided by 2378246.
72
Calculate the remainder when 18675712 is divided by 141.
121
Calculate the remainder when 505469 is divided by 22.
19
Calculate the remainder when 158716 is divided by 2734.
144
What is the remainder when 94317123 is divided by 345?
333
What is the remainder when 792600 is divided by 4284?
60
What is the remainder when 1455587 is divided by 1901?
1322
Calculate the remainder when 5624188 is divided by 771.
514
What is the remainder when 499551904 is divided by 19982076?
4
What is the remainder when 377365303 is divided by 1559?
1558
What is the remainder when 8259 is divided by 700?
559
What is the remainder when 911166 is divided by 63?
60
Calculate the remainder when 61953 is divided by 7133.
4889
Calculate the remainder when 1455437 is divided by 75.
62
Calculate the remainder when 5104262 is divided by 44.
42
What is the remainder when 18702444 is divided by 3740463?
129
What is the remainder when 182350 is divided by 22622?
1374
Calculate the remainder when 2187988 is divided by 207.
205
Calculate the remainder when 6062397 is divided by 960.
957
What is the remainder when 246722506 is divided by 11476?
11458
Calculate the remainder when 85741 is divided by 41.
10
What is the remainder when 3704859 is divided by 16?
11
What is the remainder when 21335081 is divided by 1776?
1769
What is the remainder when 5795354 is divided by 74297?
188
Calculate the remainder when 44865106 is di